{"id":9,"date":"2015-02-27T09:43:02","date_gmt":"2015-02-27T08:43:02","guid":{"rendered":"http:\/\/www.hoehenrainer.com\/jordanien\/?page_id=9"},"modified":"2024-05-28T10:17:36","modified_gmt":"2024-05-28T08:17:36","slug":"welcome","status":"publish","type":"page","link":"https:\/\/www.hoehenrainer.com\/jordanien\/","title":{"rendered":"Welcome"},"content":{"rendered":"<div class=\"wp-block-image\">\n<figure class=\"aligncenter size-large\"><img loading=\"lazy\" decoding=\"async\" width=\"132\" height=\"130\" src=\"https:\/\/www.hoehenrainer.com\/jordanien\/wp-content\/uploads\/sites\/2\/2015\/02\/made-in-germany.jpg\" alt=\"made in germany\" class=\"wp-image-43\" srcset=\"https:\/\/www.hoehenrainer.com\/jordanien\/wp-content\/uploads\/sites\/2\/2015\/02\/made-in-germany.jpg 132w, https:\/\/www.hoehenrainer.com\/jordanien\/wp-content\/uploads\/sites\/2\/2015\/02\/made-in-germany-60x60.jpg 60w\" sizes=\"auto, (max-width: 132px) 100vw, 132px\" \/><\/figure>\n<\/div>\n\n\n<h2 class=\"wp-block-heading has-text-align-center\">Salama &#8211; 100% poultry sausage &amp; breast ham made by H\u00f6henrainer in Germany<\/h2>\n\n\n\n<p>Culinary specialities made in Germany are popular all over the world. At H\u00f6henrainer both tradition and international commitment complement each other and open up interesting prospects for you. If you are looking for the very best turkey sausage or you want to offer the best turkey breast sandwiches around, you are in the right place. Taste and sample our Salama products \u2013 we invite you to see for yourself. Salama means \u201cassurance\u201d and guarantees you the highest quality products as well as natural, healthy and delicious food. You will find a large range of specialities here, each one guaranteed to be just as tasty as the next. Our specialities include unique varieties of high-quality turkey breast, organic turkey breast, various kinds of halal poultry sausages, traditional and low-fat sliced meats and cold cut turkey, as well as an extensive range of halal convenience products.<\/p>\n\n\n\n<p>Our local distributor in Jordan offers you a wide range of our fresh and healthy sausages, ham, cold cuts and pepperoni sausage made of 100% turkey meat. Our products are made with the highest level of care and responsibility, which makes them perfect for retail sale in grocers\u2019 shops and very convenient for high-end restaurants and hotels in Jordan. Highest quality turkey products for discerning hotels, caterers and supermarkets in Jordan! Find out more now!<\/p>\n\n\n\n<h2 class=\"wp-block-heading\">Contact us for free Samples and information<\/h2>\n\n\n<div class=\"wp-block-image\">\n<figure class=\"aligncenter size-full\"><a href=\"www.luxuryitemz.com\"><img loading=\"lazy\" decoding=\"async\" width=\"212\" height=\"54\" src=\"https:\/\/www.hoehenrainer.com\/jordanien\/wp-content\/uploads\/sites\/2\/2024\/05\/Luxury-Items.png\" alt=\"\" class=\"wp-image-573\"\/><\/a><\/figure>\n<\/div>\n\n\n<p class=\"has-text-align-center\">Luxury Items<br>P.O Box 141874 Amman<br>11814 Jordan<br>Phone: +962-6-416 0561,2,3<br>Fax: +962-6-416 0560<br><a href=\"http:\/\/www.luxuryitemz.com\" class=\"ek-link\">www.luxuryitemz.com<\/a> <\/p>\n\n\n<div class=\"wp-block-image\">\n<figure class=\"aligncenter size-large\"><img loading=\"lazy\" decoding=\"async\" width=\"261\" height=\"185\" src=\"https:\/\/www.hoehenrainer.com\/jordanien\/wp-content\/uploads\/sites\/2\/2015\/02\/Logo-H\u00f6henrainer.png\" alt=\"\" class=\"wp-image-110\"\/><\/figure>\n<\/div>\n\n\n<p class=\"has-text-align-center\">H\u00f6henrainer Delikatessen GmbH<br>Lauser Str. 1<br>D-83620 Gro\u00dfh\u00f6henrain<br>Bavaria\/Germany<br>Email:&nbsp;<a href=\"mailto:info@hoehenrainer.de\" target=\"_blank\" aria-label=\" (opens in a new tab)\" rel=\"noreferrer noopener\" class=\"ek-link\">info@hoehenrainer.de<\/a> <\/p>\n\n\n\n<h2 class=\"wp-block-heading has-text-align-center\">Send us a message<\/h2>\n\n\n\t\t\t<link rel=\"stylesheet\" property=\"stylesheet\" href=\"https:\/\/www.hoehenrainer.com\/jordanien\/wp-content\/plugins\/happyforms\/bundles\/css\/frontend.css\" \/>\n\t\t\t\t<!-- HappyForms CSS variables -->\n\t<style>\n\t#happyforms-526 {\n\t\t--happyforms-part-title-font-size: 16px;\n--happyforms-part-description-font-size: 14px;\n--happyforms-part-value-font-size: 16px;\n--happyforms-submit-button-font-size: 16px;\n--happyforms-color-primary: #000000;\n--happyforms-color-success-notice: #ebf9f0;\n--happyforms-color-success-notice-text: #1eb452;\n--happyforms-color-error: #f23000;\n--happyforms-color-error-notice: #ffeeea;\n--happyforms-color-error-notice-text: #f23000;\n--happyforms-color-part-title: #000000;\n--happyforms-color-part-value: #000000;\n--happyforms-color-part-placeholder: #888888;\n--happyforms-color-part-description: #454545;\n--happyforms-color-part-border: #dbdbdb;\n--happyforms-color-part-border-focus: #7aa4ff;\n--happyforms-color-part-background: #ffffff;\n--happyforms-color-part-background-focus: #ffffff;\n--happyforms-color-submit-background: #000000;\n--happyforms-color-submit-background-hover: #000000;\n--happyforms-color-submit-border: transparent;\n--happyforms-color-submit-text: #ffffff;\n--happyforms-color-submit-text-hover: #ffffff;\n--happyforms-color-table-row-odd: #fcfcfc;\n--happyforms-color-table-row-even: #efefef;\n--happyforms-color-table-row-odd-text: #000000;\n--happyforms-color-table-row-even-text: #000000;\n--happyforms-color-dropdown-item-bg: #ffffff;\n--happyforms-color-dropdown-item-text: #000000;\n--happyforms-color-dropdown-item-bg-hover: #f4f4f5;\n--happyforms-color-dropdown-item-text-hover: #000000;\n--happyforms-color-divider-hr: #cccccc;\n--happyforms-color-choice-checkmark-bg: #ffffff;\n--happyforms-color-choice-checkmark-bg-focus: #000000;\n--happyforms-color-choice-checkmark-color: #ffffff;\n\t}\n\t<\/style>\n\t<!-- End of HappyForms CSS variables -->\n\t\t<!-- HappyForms Additional CSS -->\n\t<style data-happyforms-additional-css>\n\t\t<\/style>\n\t<!-- End of HappyForms Additional CSS -->\n\t\t\t<link rel=\"stylesheet\" type=\"text\/css\" href=\"https:\/\/www.hoehenrainer.com\/jordanien\/wp-content\/plugins\/happyforms\/core\/assets\/css\/no-interaction.css\">\n\t\t<div class=\"happyforms-form happyforms-styles\" id=\"happyforms-526\">\n\t\t\n\t<form action=\"\" id=\"happyforms-form-526\" method=\"post\" novalidate=\"true\" autocomplete=\"off\">\n\t\t\t\t<input type=\"hidden\" name=\"happyforms_random_seed\" value=\"1258090420\" \/>\n\t\t\n\t\t\t<input type=\"hidden\" name=\"action\" value=\"happyforms_message\">\n\t\t\t\t<input type=\"hidden\" name=\"client_referer\" value=\"\">\n\t\t\t\t<input type=\"hidden\" name=\"current_post_id\" value=\"\">\n\t\t\t\t<input type=\"hidden\" name=\"happyforms_form_id\" value=\"526\" \/>\n\t\t\t\t<input type=\"hidden\" name=\"happyforms_step\" value=\"0\" \/>\n\t\n\t\t<div class=\"happyforms-flex\">\n\t\t\t\t<label for=\"526-single_line_text\" class=\"screen-reader-text\">Lass dieses Feld leer<\/label>\n\t<input type=\"text\" id=\"526-single_line_text\" name=\"526-single_line_text\" style=\"display: none;\" tabindex=\"-1\" autocomplete=\"off\" aria-hidden=\"true\">\n\t\t\t\t\t\t\t\t\t\t<div class=\"happyforms-form__part happyforms-part happyforms-part--single_line_text happyforms-part--width-full happyforms-part--label-above\" id=\"happyforms-526_single_line_text_1-part\" data-happyforms-type=\"single_line_text\" data-happyforms-id=\"single_line_text_1\" data-happyforms-required=\"\">\n\t<div class=\"happyforms-part-wrap\">\n\t\t\n\t\t\t\t\t\t<div class=\"happyforms-part__label-container\">\n\t\t\t\t<label for=\"happyforms-526_single_line_text_1\" class=\"happyforms-part__label\">\n\t\t\t<span class=\"label\">Company\/Name<\/span>\n\t\t\t\t\t\t\t\t\t\t<span class=\"happyforms-required\"><\/span>\n\t\t\t\t\t\t\t\t\t\t<span class=\"happyforms-optional\"><\/span>\n\t\t\t\t\t<\/label>\n\t\t\t<\/div>\n\t\t\t\n\t\t\n\t\t<div class=\"happyforms-part__el\">\n\t\t\t\n\t\t\t\n\t\t\t<div class=\"happyforms-input\">\n\t\t\t\t\n\t\t\t\t<input id=\"happyforms-526_single_line_text_1\" type=\"text\" name=\"526_single_line_text_1\" value=\"\" placeholder=\"\" autocomplete=\"off\" spellcheck=\"false\"  autocorrect=\"off\" \/>\n\t\t\t\t\t\t\t<\/div>\n\n\t\t\t\n\t\t\t\n\t\t\t\t\t<\/div>\n\t<\/div>\n<\/div>\n<div class=\"happyforms-form__part happyforms-part happyforms-part--single_line_text happyforms-part--width-full happyforms-part--label-above\" id=\"happyforms-526_single_line_text_2-part\" data-happyforms-type=\"single_line_text\" data-happyforms-id=\"single_line_text_2\">\n\t<div class=\"happyforms-part-wrap\">\n\t\t\n\t\t\t\t\t\t<div class=\"happyforms-part__label-container\">\n\t\t\t\t<label for=\"happyforms-526_single_line_text_2\" class=\"happyforms-part__label\">\n\t\t\t<span class=\"label\">Postal Code\/City\/Country<\/span>\n\t\t\t\t\t\t\t\t\t\t<span class=\"happyforms-required\"><\/span>\n\t\t\t\t\t\t\t\t\t\t<span class=\"happyforms-optional\"><\/span>\n\t\t\t\t\t<\/label>\n\t\t\t<\/div>\n\t\t\t\n\t\t\n\t\t<div class=\"happyforms-part__el\">\n\t\t\t\n\t\t\t\n\t\t\t<div class=\"happyforms-input\">\n\t\t\t\t\n\t\t\t\t<input id=\"happyforms-526_single_line_text_2\" type=\"text\" name=\"526_single_line_text_2\" value=\"\" placeholder=\"\" autocomplete=\"off\" spellcheck=\"false\"  autocorrect=\"off\" \/>\n\t\t\t\t\t\t\t<\/div>\n\n\t\t\t\n\t\t\t\n\t\t\t\t\t<\/div>\n\t<\/div>\n<\/div>\n<div class=\"happyforms-form__part happyforms-part happyforms-part--single_line_text happyforms-part--width-full happyforms-part--label-above\" id=\"happyforms-526_single_line_text_3-part\" data-happyforms-type=\"single_line_text\" data-happyforms-id=\"single_line_text_3\" data-happyforms-required=\"\">\n\t<div class=\"happyforms-part-wrap\">\n\t\t\n\t\t\t\t\t\t<div class=\"happyforms-part__label-container\">\n\t\t\t\t<label for=\"happyforms-526_single_line_text_3\" class=\"happyforms-part__label\">\n\t\t\t<span class=\"label\">Contact information (Email, Phone)<\/span>\n\t\t\t\t\t\t\t\t\t\t<span class=\"happyforms-required\"><\/span>\n\t\t\t\t\t\t\t\t\t\t<span class=\"happyforms-optional\"><\/span>\n\t\t\t\t\t<\/label>\n\t\t\t<\/div>\n\t\t\t\n\t\t\n\t\t<div class=\"happyforms-part__el\">\n\t\t\t\n\t\t\t\n\t\t\t<div class=\"happyforms-input\">\n\t\t\t\t\n\t\t\t\t<input id=\"happyforms-526_single_line_text_3\" type=\"text\" name=\"526_single_line_text_3\" value=\"\" placeholder=\"\" autocomplete=\"off\" spellcheck=\"false\"  autocorrect=\"off\" \/>\n\t\t\t\t\t\t\t<\/div>\n\n\t\t\t\n\t\t\t\n\t\t\t\t\t<\/div>\n\t<\/div>\n<\/div>\n<div class=\"happyforms-form__part happyforms-part happyforms-part--multi_line_text happyforms-part--width-full happyforms-part--label-above\" id=\"happyforms-526_multi_line_text_4-part\" data-happyforms-type=\"multi_line_text\" data-happyforms-id=\"multi_line_text_4\" data-happyforms-required=\"\">\n\t<div class=\"happyforms-part-wrap\">\n\t\t\t\t\t\t<div class=\"happyforms-part__label-container\">\n\t\t\t\t<label for=\"happyforms-526_multi_line_text_4\" class=\"happyforms-part__label\">\n\t\t\t<span class=\"label\">Your message<\/span>\n\t\t\t\t\t\t\t\t\t\t<span class=\"happyforms-required\"><\/span>\n\t\t\t\t\t\t\t\t\t\t<span class=\"happyforms-optional\"><\/span>\n\t\t\t\t\t<\/label>\n\t\t\t<\/div>\n\t\t\t\n\t\t\n\t\t<div class=\"happyforms-part__el\">\n\t\t\t\n\t\t\t\t\t\t<textarea id=\"happyforms-526_multi_line_text_4\" name=\"526_multi_line_text_4\" rows=\"5\" placeholder=\"\" autocomplete=\"off\" spellcheck=\"false\" autocorrect=\"off\" ><\/textarea>\n\t\t\t\n\t\t\t\n\t\t\t\t\t<\/div>\n\t<\/div>\n<\/div>\n\t\t\t\t\t\t<div class=\"happyforms-form__part happyforms-part happyforms-part--submit\">\n\t\t<button type=\"submit\" class=\"happyforms-submit happyforms-button--submit \">Send message<\/button>\n\t<\/div>\t\t<\/div>\n\n\t\t\t<\/form>\n\n\t<\/div>\n\n\n\n<h2 class=\"wp-block-heading\">Salama \u2013 the perfect brand for the Muslim market<\/h2>\n\n\n<div class=\"wp-block-image\">\n<figure class=\"aligncenter size-large\"><img loading=\"lazy\" decoding=\"async\" width=\"260\" height=\"126\" src=\"https:\/\/www.hoehenrainer.com\/jordanien\/wp-content\/uploads\/sites\/2\/2020\/05\/LogoSalama.png\" alt=\"\" class=\"wp-image-522\"\/><\/figure>\n<\/div>\n\n\n<p>All sausages and products contain only 100 % pure poultry meat \u2013 they are perfect for all Muslim countries. You will find here a big range of high-quality halal specialities, each one guranteed to be as tasty as the next. They include varieties of fresh whole turkey breasts, roasted or natural, various diffrent halal turkey sausages, all types of cold cuts and an extensive range of halal ready to cook products. To address the requirements of these markets as targeted as possible, we developed the Salama brand. It is made specifically to the requirements of Muslim customers and contains only halal meat. Salama means \u201csecurity\u201d and guarantees products of the highest quality as well as natural, healthy, tasty food.\u00a0 Therefore we do not only export to Europe, but also to Jordan, Dubai or to other Muslim markets.<\/p>\n\n\n\n<p>You can trust our halal-guarantee:<\/p>\n\n\n<div class=\"wp-block-image\">\n<figure class=\"aligncenter size-large\"><img loading=\"lazy\" decoding=\"async\" width=\"300\" height=\"300\" src=\"https:\/\/www.hoehenrainer.com\/jordanien\/wp-content\/uploads\/sites\/2\/2020\/05\/HalalSiegel.png\" alt=\"\" class=\"wp-image-524\" srcset=\"https:\/\/www.hoehenrainer.com\/jordanien\/wp-content\/uploads\/sites\/2\/2020\/05\/HalalSiegel.png 300w, https:\/\/www.hoehenrainer.com\/jordanien\/wp-content\/uploads\/sites\/2\/2020\/05\/HalalSiegel-150x150.png 150w\" sizes=\"auto, (max-width: 300px) 100vw, 300px\" \/><\/figure>\n<\/div>\n\n\n<p>Bavarian \u201cmade in Germany\u201d specialities are highly valued the world over. Tradition and international commitment complete each other at H\u00f6henrainer and opens up interesting perspectives for you. At H\u00f6henrainer, people come first. Showing respect to one another and therefore also to other cultures is the base for new experience and provides opportunities for further development.<\/p>\n\n\n<div class=\"wp-block-image\">\n<figure class=\"aligncenter size-large\"><img loading=\"lazy\" decoding=\"async\" width=\"444\" height=\"938\" src=\"https:\/\/www.hoehenrainer.com\/jordanien\/wp-content\/uploads\/sites\/2\/2015\/02\/right_side.jpg\" alt=\"\" class=\"wp-image-56\" srcset=\"https:\/\/www.hoehenrainer.com\/jordanien\/wp-content\/uploads\/sites\/2\/2015\/02\/right_side.jpg 444w, https:\/\/www.hoehenrainer.com\/jordanien\/wp-content\/uploads\/sites\/2\/2015\/02\/right_side-142x300.jpg 142w\" sizes=\"auto, (max-width: 444px) 100vw, 444px\" \/><\/figure>\n<\/div>\n\n\n<p class=\"has-text-align-center\"><a href=\"https:\/\/www.hoehenrainer.com\/impressum\/\" target=\"_blank\" rel=\"noreferrer noopener\">Impressum<\/a> &#8211; <a href=\"https:\/\/www.hoehenrainer.de\/datenschutzerklaerung\/\" class=\"ek-link\"><span style=\"text-decoration: underline;\" class=\"ek-underline\">Data protection policy<\/span><\/a><\/p>\n","protected":false},"excerpt":{"rendered":"<p>Salama &#8211; 100% poultry sausage &amp; breast ham made by H\u00f6henrainer in Germany Culinary specialities made in Germany are popular all over the world. At H\u00f6henrainer both tradition and international commitment complement each other and open up interesting prospects for you. If you are looking for the very best turkey sausage or you want to [&hellip;]<\/p>\n","protected":false},"author":1,"featured_media":0,"parent":0,"menu_order":0,"comment_status":"open","ping_status":"open","template":"","meta":{"_editorskit_title_hidden":true,"_editorskit_reading_time":3,"_editorskit_is_block_options_detached":false,"_editorskit_block_options_position":"{}","footnotes":""},"class_list":["post-9","page","type-page","status-publish","hentry"],"_links":{"self":[{"href":"https:\/\/www.hoehenrainer.com\/jordanien\/wp-json\/wp\/v2\/pages\/9","targetHints":{"allow":["GET"]}}],"collection":[{"href":"https:\/\/www.hoehenrainer.com\/jordanien\/wp-json\/wp\/v2\/pages"}],"about":[{"href":"https:\/\/www.hoehenrainer.com\/jordanien\/wp-json\/wp\/v2\/types\/page"}],"author":[{"embeddable":true,"href":"https:\/\/www.hoehenrainer.com\/jordanien\/wp-json\/wp\/v2\/users\/1"}],"replies":[{"embeddable":true,"href":"https:\/\/www.hoehenrainer.com\/jordanien\/wp-json\/wp\/v2\/comments?post=9"}],"version-history":[{"count":125,"href":"https:\/\/www.hoehenrainer.com\/jordanien\/wp-json\/wp\/v2\/pages\/9\/revisions"}],"predecessor-version":[{"id":575,"href":"https:\/\/www.hoehenrainer.com\/jordanien\/wp-json\/wp\/v2\/pages\/9\/revisions\/575"}],"wp:attachment":[{"href":"https:\/\/www.hoehenrainer.com\/jordanien\/wp-json\/wp\/v2\/media?parent=9"}],"curies":[{"name":"wp","href":"https:\/\/api.w.org\/{rel}","templated":true}]}}